ime factors of (-14 - -1255) + (1 - -13).
5, 251
Let z = 186 + -169. Suppose -433 = z*k - 1215. List the prime factors of k.
2, 23
Let a(n) = -n**2 - 3. Let r be a(0). List the prime factors of (9110/6)/(-5)*r - 5.
2, 3, 151
Let v be -159 + (-1)/(14/(-5) + 3). List the prime factors of (v/28 + 5)/((-7)/10878).
2, 3, 37
Let g be ((-285)/19)/((-6)/4). What are the prime factors of (g/6)/(24/13896)?
5, 193
Let u = -270 - -367. Let i = -7 + u. What are the prime factors of i?
2, 3, 5
Let j(d) = -5*d**3 - 2*d**2 - 2*d - 6. Let t be -4*((-14)/4 + 3) + -6. What are the prime factors of j(t)?
2, 5, 29
Let b(k) = k**3 + 12*k**2 - 19*k - 18. Let s be ((-1)/2)/((-3)/(-84)). Let z be b(s). Let r = -80 - z. What are the prime factors of r?
2
Let s = -31052 + 33660. List the prime factors of s.
2, 163
Suppose 0 = -5*x + 4*x + 3*b + 20, 3*b + 49 = 2*x. Suppose -x + 17 = -3*l. Suppose 2*a + h = 152, l*a + h = 6*h + 304. List the prime factors of a.
2, 19
Suppose 9*p + 793 = -467. List the prime factors of (-49784)/p - (-1 + 3/5).
2, 89
Let c be (-36)/(-15)*95/(-38). List the prime factors of (4*c/48)/((-1)/2046).
3, 11, 31
Let j(u) = -7*u**3 - 3*u**2 + 9*u**3 + 4 - 7*u - 2. Let v be j(3). Suppose 4*k - k = -o - v, o - 4*k - 27 = 0. List the prime factors of o.
7
Let t = 3671 - -531. What are the prime factors of t?
2, 11, 191
Let y(o) = 33*o**2 - 10*o + 8*o + 566*o**2 - 12*o + 396*o**2 + 11. List the prime factors of y(1).
2, 31
Let v = -10856 - -24691. List the prime factors of v.
5, 2767
Let b(q) = 9*q - 76. Let d be b(12). Suppose -377 + d = -3*c. What are the prime factors of c?
5, 23
Let k(m) = 6*m**2 + 4*m + 18. Let u be k(-8). Suppose -2*h + 2670 = -u. What are the prime factors of (2/(-5))/((-16)/h)?
2, 19
List the prime factors of 3019*(-1 - 28/(-7))/((-45)/(-465)).
31, 3019
Let i be 20/(2 + -6) - -4. List the prime factors of 199 + (0 - (i + -1)).
3, 67
Suppose -18 - 26 = -22*p. Let j = 10 - -26. Suppose -p*m = -54 - j. What are the prime factors of m?
3, 5
Let v(y) = -y**2 + 18*y - 2. Let s be v(11). Suppose 4*d + 3 = s. Suppose d*m - 760 = 13*m. List the prime factors of m.
2, 19
Suppose -b - 37 = -k + 30, 3*k = -3*b - 225. Let o = 375 - 377. List the prime factors of (4 + -1 + b)/o.
2, 17
Let q(l) = -40*l + 22. Let p be q(3). Let w = -92 - p. Suppose w*j = 12*j - 486. What are the prime factors of j?
3
Suppose 5*c - 228 = 9*c. Let z = 59 + c. Suppose 6 = -z*y + 194. List the prime factors of y.
2, 47
Suppose 0 = 5*g + 4*t - 8*t - 55953, 3*t = -g + 11183. What are the prime factors of g?
67, 167
Suppose 3*y = -5*l + 96062, -y - 409*l = -404*l - 32044. List the prime factors of y.
32009
Suppose -5*i = 5, 2*i - 4*i + 107 = y. Suppose -8176 = 95*g - y*g. What are the prime factors of g?
2, 73
Suppose 41*z - 65*z = -14088. Let b = z - 30. What are the prime factors of b?
557
Suppose 188*a - 183*a - 4625 = 0. Suppose -4*j + 711 = -a. What are the prime factors of j?
409
Let y = -692 - -531. Let g = 522 + y. What are the prime factors of g?
19
List the prime factors of 104888/168*15*1.
5, 1873
What are the prime factors of (-421)/((-6624)/943 + 7 + 0)?
41, 421
Let t be 1053/45 - 6 - 2/5. Let o = 250 + t. List the prime factors of o.
3, 89
Suppose 23*y + 2*o + 28 = 25*y, 2*o = -3*y + 52. Let z(k) = -5*k + 18*k**2 - 18 + 0*k**3 - k**3 - 21*k. What are the prime factors of z(y)?
2, 3, 13
Let u(l) = 16*l**3 - 4*l**2 - 4*l - 3. Let b be u(-2). Let i = b - -248. What are the prime factors of i?
109
Let v = -37 + 40. Let t be (22 - -78)/(-1 + 4/v). What are the prime factors of ((-2)/(-3))/((-592)/t + 2)?
5
Suppose -548 = 4*d - s, 3*s - 284 = -92*d + 94*d. Let z = -569 + 369. Let f = d - z. List the prime factors of f.
2
Suppose 23 = 3*f + 4*s + 3, 13 = f - 5*s. Let z(w) = 15*w - 61. Let c be z(f). Suppose -5*n = -944 + c. What are the prime factors of n?
3, 59
Suppose 0*o = 2*o + 6, o - 1038 = 3*r. Suppose 0 = 289*l - 130*l - 144*l + 3225. Let z = l - r. List the prime factors of z.
2, 3, 11
Let f(g) = -39*g - 61. Let s(w) = -2*w**3 + 2*w**2 - 2. Let i be s(2). What are the prime factors of f(i)?
7, 47
Let v(z) = z**2 + 5*z + 5. Let u be v(0). Suppose -u*k + 19*k = 3052. List the prime factors of k.
2, 109
Let z be ((-132)/(-3) - 3)*-1*27. Let p = z + 1945. What are the prime factors of p?
2, 419
Let t(v) = 10*v**2 - 4. Let i be t(-6). Let x = -79 + 84. Suppose 0 = -x*r + 7*r - i. List the prime factors of r.
2, 89
Let g = -51 + 108. Let q(k) = -2*k + 90. Let x be q(-2). Let n = x - g. What are the prime factors of n?
37
Suppose 0 = -3*i - 4*g + 26105, -2*i + 17398 = 65*g - 63*g. What are the prime factors of i?
3, 2897
Let q = 49 - 46. Suppose 0 = -q*b + r - 3, -3*b + b = -5*r - 11. What are the prime factors of (6 - b)/((-20)/(-270))?
2, 3
Let s(f) = 3*f**2 - 52*f + 516. What are the prime factors of s(-35)?
6011
Let x(k) = 10*k**3 - 7*k**2 + 22*k - 19. Let m(c) = -15*c**3 + 11*c**2 - 33*c + 29. Let t(a) = 5*m(a) + 8*x(a). List the prime factors of t(4).
11, 31
Let w(i) = 2 - 3*i**2 - 3*i - 10*i**2 + 15*i**2 + 585*i**3. Let o be w(1). Suppose -3*r + o - 157 = 0. List the prime factors of r.
11, 13
What are the prime factors of -20 + (7 - -5) + 97?
89
Suppose 3*w + 5*a = 38058, -w + 28*a + 12702 = 27*a. List the prime factors of w.
2, 3, 23
Suppose 681*s + 397290 = 700*s. List the prime factors of s.
2, 3, 5, 17, 41
Suppose -2*m - 39610 = -5*n - 7*m, 7919 = n - 2*m. What are the prime factors of n?
89
Suppose -204*z + 209*z - 1940 = 0. Let w = z + -205. List the prime factors of w.
3, 61
Let j(k) = 10 - k - 19 + 8. Let n be j(-1). What are the prime factors of (0 - 1) + n + 72?
71
Let n(z) = z**3 + 22*z**2 - 121*z + 2177. List the prime factors of n(24).
73, 353
Let k be 3256/(-352) + 2/8. Let b(p) = -p + 1. Let z(l) = -l**2 + 5*l - 16. Let w(u) = 2*b(u) - z(u). List the prime factors of w(k).
2, 3
Suppose -22*k = -11298 - 2716. Suppose 49 = 2*q - k. What are the prime factors of q?
7
Let z be 1 - (-42)/(-36) - (-22)/(-12). Let b be 1 + (3*z)/(-2). What are the prime factors of (3/(-12) - 27/b)*-9?
3, 7
Let h(z) = -2*z - 28. Let k be h(-17). Suppose -k = -4*x - l - l, 3*l + 19 = x. Suppose -x*g + 114 = -530. What are the prime factors of g?
7, 23
Suppose 4*j - 25 = -j. Suppose -31 = 3*c + j. Let f(a) = -2*a + 26. What are the prime factors of f(c)?
2, 5
Let n be 3 + 0 + -4 + 5. Suppose 12 + 12 = n*c. What are the prime factors of (c/4)/(12/504)?
3, 7
Let l be (-4 + -1)*(-2)/(-20)*-2. Let w be (l + -403*1)/(-1). Suppose -3*t = t - p - w, t + 3*p = 94. List the prime factors of t.
2, 5
Suppose 14*q - 23*q = 63. What are the prime factors of -3 - ((q - 98) + 6)?
2, 3
What are the prime factors of (-25 + 212793/28)/(2/(-32)*-2)?
2, 41, 739
Let q be (75/(-50))/(1/(-2)). Suppose -q*u - 3 = -0, -5*u - 547 = -2*n. List the prime factors of n.
271
Let y = 681 - -1841. List the prime factors of y.
2, 13, 97
List the prime factors of (-228)/(-12)*83 - -2.
1579
Let n = -23 + 23. Suppose -5*q - 50 = -n*q. Let d(r) = -4*r + 7. List the prime factors of d(q).
47
Let j = 1532 + 1108. Suppose 2*h + 522 = b, -5*h = 5*b - 0*h - j. List the prime factors of b.
2, 263
Let t(y) = 162*y**2 + 2*y + 16. Let v be t(7). Suppose 13*g - v = g. What are the prime factors of g?
2, 83
Let k be 21 - 26 - (1350 + 1). Let d = -762 - k. List the prime factors of d.
2, 3, 11
Let i(o) = 20*o - 16. Let d be i(3). What are the prime factors of 1*(-4)/44 + 21168/d?
13, 37
Let k(s) = 5*s**3 - 2*s**2 + s + 1. Let w be k(1). Suppose 3*p - 46 = 2*u, -4 = -5*u - w*p - 94. Let r = u - -103. What are the prime factors of r?
83
Let f be (-1)/2*18/99*11. What are the prime factors of -401*f/2 + (-2)/(-4)?
3, 67
Suppose -2535*k = -2548*k + 193960. What are the prime factors of k?
2, 5, 373
Let w(u) = 872*u - 2748. What are the prime factors of w(15)?
2, 3, 7, 41
Suppose 2*i + 1547 = 3*i. Suppose -9*w = -2*w - i. Suppose 4*a - w = -3*v + 3*a, -16 = 4*a. List the prime factors of v.
3, 5
Let b(q) = -q**3 + 28*q**2 + 16*q + 380. Let i be b(29). Suppose x - 4*x + 2352 = 0. Suppose -a + x = i*a. List the prime factors of a.
2, 7
Let g be (-1 - 7/21)*1272. Let f = g + 3082. List the prime factors of f.
2, 3, 7, 11
Let u(v) = 73*v + 23 - 64 + 24 + 24 + 18*v**2. List the prime factors of u(-11).
2, 691
Let n = 